[INFO] fetching crate loop-rs 0.6.1...
[INFO] checking loop-rs-0.6.1 against master#af3c6e733a40e671550e0f0f5aeecaa13772ba56 for pr-74989
[INFO] extracting crate loop-rs 0.6.1 into /workspace/builds/worker-1/source
[INFO] validating manifest of crates.io crate loop-rs 0.6.1 on toolchain af3c6e733a40e671550e0f0f5aeecaa13772ba56
[INFO] running `Command { std: "/workspace/cargo-home/bin/cargo" "+af3c6e733a40e671550e0f0f5aeecaa13772ba56" "read-manifest" "--manifest-path" "Cargo.toml", kill_on_drop: false }`
[INFO] started tweaking crates.io crate loop-rs 0.6.1
[INFO] finished tweaking crates.io crate loop-rs 0.6.1
[INFO] tweaked toml for crates.io crate loop-rs 0.6.1 written to /workspace/builds/worker-1/source/Cargo.toml
[INFO] running `Command { std: "/workspace/cargo-home/bin/cargo" "+af3c6e733a40e671550e0f0f5aeecaa13772ba56" "generate-lockfile" "--manifest-path" "Cargo.toml" "-Zno-index-update", kill_on_drop: false }`
[INFO] running `Command { std: "/workspace/cargo-home/bin/cargo" "+af3c6e733a40e671550e0f0f5aeecaa13772ba56" "fetch" "--locked" "--manifest-path" "Cargo.toml", kill_on_drop: false }`
[INFO] running `Command { std: "docker" "create" "-v" "/var/lib/crater-agent-workspace/builds/worker-1/target:/opt/rustwide/target:rw,Z" "-v" "/var/lib/crater-agent-workspace/builds/worker-1/source:/opt/rustwide/workdir:ro,Z" "-v" "/var/lib/crater-agent-workspace/cargo-home:/opt/rustwide/cargo-home:ro,Z" "-v" "/var/lib/crater-agent-workspace/rustup-home:/opt/rustwide/rustup-home:ro,Z" "-e" "SOURCE_DIR=/opt/rustwide/workdir" "-e" "CARGO_TARGET_DIR=/opt/rustwide/target" "-e" "CARGO_HOME=/opt/rustwide/cargo-home" "-e" "RUSTUP_HOME=/opt/rustwide/rustup-home" "-w" "/opt/rustwide/workdir" "-m" "1610612736" "--user" "0:0" "--network" "none" "rustops/crates-build-env@sha256:d92eaeed33fa75130ca1ee6c8a01d1ffb62bac859dfdfb3450e3e5d1c0146529" "/opt/rustwide/cargo-home/bin/cargo" "+af3c6e733a40e671550e0f0f5aeecaa13772ba56" "metadata" "--no-deps" "--format-version=1", kill_on_drop: false }`
[INFO] [stdout] ea324e469e1bba5a4a11a6fcf522f5a2aa56cfca224036f5b2f97c43dbe54121
[INFO] [stderr] WARNING: Your kernel does not support swap limit capabilities or the cgroup is not mounted. Memory limited without swap.
[INFO] running `Command { std: "docker" "start" "-a" "ea324e469e1bba5a4a11a6fcf522f5a2aa56cfca224036f5b2f97c43dbe54121", kill_on_drop: false }`
[INFO] running `Command { std: "docker" "inspect" "ea324e469e1bba5a4a11a6fcf522f5a2aa56cfca224036f5b2f97c43dbe54121", kill_on_drop: false }`
[INFO] running `Command { std: "docker" "rm" "-f" "ea324e469e1bba5a4a11a6fcf522f5a2aa56cfca224036f5b2f97c43dbe54121", kill_on_drop: false }`
[INFO] [stdout] ea324e469e1bba5a4a11a6fcf522f5a2aa56cfca224036f5b2f97c43dbe54121
[INFO] running `Command { std: "docker" "create" "-v" "/var/lib/crater-agent-workspace/builds/worker-1/target:/opt/rustwide/target:rw,Z" "-v" "/var/lib/crater-agent-workspace/builds/worker-1/source:/opt/rustwide/workdir:ro,Z" "-v" "/var/lib/crater-agent-workspace/cargo-home:/opt/rustwide/cargo-home:ro,Z" "-v" "/var/lib/crater-agent-workspace/rustup-home:/opt/rustwide/rustup-home:ro,Z" "-e" "SOURCE_DIR=/opt/rustwide/workdir" "-e" "CARGO_TARGET_DIR=/opt/rustwide/target" "-e" "CARGO_INCREMENTAL=0" "-e" "RUST_BACKTRACE=full" "-e" "RUSTFLAGS=--cap-lints=forbid" "-e" "CARGO_HOME=/opt/rustwide/cargo-home" "-e" "RUSTUP_HOME=/opt/rustwide/rustup-home" "-w" "/opt/rustwide/workdir" "-m" "1610612736" "--user" "0:0" "--network" "none" "rustops/crates-build-env@sha256:d92eaeed33fa75130ca1ee6c8a01d1ffb62bac859dfdfb3450e3e5d1c0146529" "/opt/rustwide/cargo-home/bin/cargo" "+af3c6e733a40e671550e0f0f5aeecaa13772ba56" "check" "--frozen" "--all" "--all-targets" "--message-format=json", kill_on_drop: false }`
[INFO] [stdout] 9971057ab68660d48095d23883834136fa05d3dddab3c5e45c537beff4954dfb
[INFO] [stderr] WARNING: Your kernel does not support swap limit capabilities or the cgroup is not mounted. Memory limited without swap.
[INFO] running `Command { std: "docker" "start" "-a" "9971057ab68660d48095d23883834136fa05d3dddab3c5e45c537beff4954dfb", kill_on_drop: false }`
[INFO] [stderr]    Compiling libc v0.2.77
[INFO] [stderr]    Compiling proc-macro2 v0.4.30
[INFO] [stderr]    Compiling getrandom v0.1.15
[INFO] [stderr]     Checking cfg-if v0.1.10
[INFO] [stderr]    Compiling unicode-xid v0.1.0
[INFO] [stderr]    Compiling bitflags v1.2.1
[INFO] [stderr]    Compiling memchr v2.3.3
[INFO] [stderr]    Compiling unicode-segmentation v1.6.0
[INFO] [stderr]     Checking ppv-lite86 v0.2.9
[INFO] [stderr]     Checking ansi_term v0.11.0
[INFO] [stderr]     Checking lazy_static v1.4.0
[INFO] [stderr]     Checking vec_map v0.8.2
[INFO] [stderr]     Checking strsim v0.8.0
[INFO] [stderr]     Checking quick-error v1.2.3
[INFO] [stderr]     Checking regex-syntax v0.6.18
[INFO] [stderr]     Checking remove_dir_all v0.5.3
[INFO] [stderr]     Checking thread_local v1.0.1
[INFO] [stderr]     Checking humantime v1.3.0
[INFO] [stderr]    Compiling heck v0.3.1
[INFO] [stderr]     Checking aho-corasick v0.7.13
[INFO] [stderr]    Compiling quote v0.6.13
[INFO] [stderr]    Compiling syn v0.15.44
[INFO] [stderr]     Checking atty v0.2.14
[INFO] [stderr]     Checking subprocess v0.1.20
[INFO] [stderr]     Checking clap v2.33.3
[INFO] [stderr]     Checking rand_core v0.5.1
[INFO] [stderr]     Checking rand_chacha v0.2.2
[INFO] [stderr]     Checking rand v0.7.3
[INFO] [stderr]     Checking regex v1.3.9
[INFO] [stderr]     Checking tempfile v3.1.0
[INFO] [stderr]    Compiling structopt-derive v0.2.18
[INFO] [stderr]     Checking structopt v0.2.18
[INFO] [stderr]     Checking loop-rs v0.6.1 (/opt/rustwide/workdir)
[INFO] [stdout] warning: unused `#[macro_use]` import
[INFO] [stdout]  --> src/main.rs:1:1
[INFO] [stdout]   |
[INFO] [stdout] 1 | #[macro_use]
[INFO] [stdout]   | ^^^^^^^^^^^^
[INFO] [stdout]   |
[INFO] [stdout]   = note: `#[warn(unused_imports)]` on by default
[INFO] [stdout] 
[INFO] [stdout] 
[INFO] [stdout] warning: unused `#[macro_use]` import
[INFO] [stdout]  --> src/main.rs:1:1
[INFO] [stdout]   |
[INFO] [stdout] 1 | #[macro_use]
[INFO] [stdout]   | ^^^^^^^^^^^^
[INFO] [stdout]   |
[INFO] [stdout]   = note: `#[warn(unused_imports)]` on by default
[INFO] [stdout] 
[INFO] [stdout] 
[INFO] [stdout] error[E0631]: type mismatch in function arguments
[INFO] [stdout]    --> src/main.rs:238:48
[INFO] [stdout]     |
[INFO] [stdout] 238 |     #[structopt(long = "for", parse(from_str = "get_values"))]
[INFO] [stdout]     |                                                ^^^^^^^^^^^^ expected signature of `fn(&str) -> _`
[INFO] [stdout] ...
[INFO] [stdout] 322 | fn get_values(input: &&str) -> Vec<String> {
[INFO] [stdout]     | ------------------------------------------ found signature of `for<'r, 's> fn(&'r &'s str) -> _`
[INFO] [stdout] 
[INFO] [stdout] 
[INFO] [stdout] error[E0631]: type mismatch in function arguments
[INFO] [stdout]    --> src/main.rs:238:48
[INFO] [stdout]     |
[INFO] [stdout] 238 |     #[structopt(long = "for", parse(from_str = "get_values"))]
[INFO] [stdout]     |                                                ^^^^^^^^^^^^ expected signature of `fn(&str) -> _`
[INFO] [stdout] ...
[INFO] [stdout] 322 | fn get_values(input: &&str) -> Vec<String> {
[INFO] [stdout]     | ------------------------------------------ found signature of `for<'r, 's> fn(&'r &'s str) -> _`
[INFO] [stdout] 
[INFO] [stdout] 
[INFO] [stdout] error[E0631]: type mismatch in function arguments
[INFO] [stdout]    --> src/main.rs:266:69
[INFO] [stdout]     |
[INFO] [stdout] 266 |     #[structopt(short = "r", long = "until-error", parse(from_str = "get_error_code"))]
[INFO] [stdout]     |                                                                     ^^^^^^^^^^^^^^^^ expected signature of `fn(&str) -> _`
[INFO] [stdout] ...
[INFO] [stdout] 314 | fn get_error_code(input: &&str) -> ErrorCode {
[INFO] [stdout]     | -------------------------------------------- found signature of `for<'r, 's> fn(&'r &'s str) -> _`
[INFO] [stdout] 
[INFO] [stdout] 
[INFO] [stdout] error[E0631]: type mismatch in function arguments
[INFO] [stdout]    --> src/main.rs:266:69
[INFO] [stdout]     |
[INFO] [stdout] 266 |     #[structopt(short = "r", long = "until-error", parse(from_str = "get_error_code"))]
[INFO] [stdout]     |                                                                     ^^^^^^^^^^^^^^^^ expected signature of `fn(&str) -> _`
[INFO] [stdout] ...
[INFO] [stdout] 314 | fn get_error_code(input: &&str) -> ErrorCode {
[INFO] [stdout]     | -------------------------------------------- found signature of `for<'r, 's> fn(&'r &'s str) -> _`
[INFO] [stdout] 
[INFO] [stdout] 
[INFO] [stdout] error: aborting due to 2 previous errors; 1 warning emitted
[INFO] [stdout] 
[INFO] [stdout] 
[INFO] [stdout] For more information about this error, try `rustc --explain E0631`.
[INFO] [stdout] 
[INFO] [stdout] error: aborting due to 2 previous errors; 1 warning emitted
[INFO] [stdout] 
[INFO] [stdout] 
[INFO] [stdout] For more information about this error, try `rustc --explain E0631`.
[INFO] [stdout] 
[INFO] [stderr] error: could not compile `loop-rs`.
[INFO] [stderr] 
[INFO] [stderr] To learn more, run the command again with --verbose.
[INFO] [stderr] warning: build failed, waiting for other jobs to finish...
[INFO] [stderr] error: build failed
[INFO] running `Command { std: "docker" "inspect" "9971057ab68660d48095d23883834136fa05d3dddab3c5e45c537beff4954dfb", kill_on_drop: false }`
[INFO] running `Command { std: "docker" "rm" "-f" "9971057ab68660d48095d23883834136fa05d3dddab3c5e45c537beff4954dfb", kill_on_drop: false }`
[INFO] [stdout] 9971057ab68660d48095d23883834136fa05d3dddab3c5e45c537beff4954dfb
